
-5
What is the value of 0 + -6 - (-6 + 2)?
-2
Calculate 0 - 8 - -2 - (-5 - 1).
0
What is (0 - -9) + (-20 - (-12 - 3))?
4
(2 - 3) + -1 - (-3 - -3)
-2
What is the value of 6 + (2 - 5) - (-4 + 8)?
-1
Evaluate -3 - ((7 - 10) + -11).
11
What is the value of 12 + -9 + -6 - (-2 - 4)?
3
What is 4 - ((-2 - 5) + 0 + 20)?
-9
Evaluate -4 + -3 + 5 + 1 + -3.
-4
Calculate 14 + -5 + (1 - 10).
0
What is 8 + (7 - 16) - -10?
9
What is the value of 13 - 2 - 20 - -10?
1
What is 1 - 3 - (5 + 0 + -7)?
0
What is (3 - 8) + (48 - 48)?
-5
Calculate 13 + (-8 - 11) - (0 + 1).
-7
3 - ((1 + 2 - 0) + -1)
1
What is -4 + (-12 - (3 - 19))?
0
What is 0 - (-4 - -4 - -3) - -4?
1
Evaluate 0 - -2 - (4 + -5).
3
What is 1 + 3 + (-35 - -14 - -7)?
-10
What is the value of (4 + 1 - 5) + 2 - -2?
4
-4 + 5 - (-1 + -2 + 6)
-2
(-2 - (3 + -2)) + -1 + -1
-5
Calculate (0 - 3 - -2) + -2.
-3
Evaluate -9 - (-18 + -6 + 12).
3
13 + -17 - (1 + -5 - -1)
-1
Calculate (2 - 3) + 18 + -15.
2
Calculate -2 + 3 - (-4 - -3).
2
7 + -3 + 0 + -1 - 2
1
-13 + -9 + 17 - (-8 - 0)
3
What is (8 - -2) + -2 + -4?
4
What is the value of -63 + 65 - (-2 - 0)?
4
What is the value of -3 + (-4 + 11 + -2 - 10)?
-8
-3 - (3 + 4 + 2 - 7)
-5
Calculate 10 - (14 + -14 + 9).
1
What is 3 - (0 + 2) - (2 + -3)?
2
Evaluate -10 - -8 - (-1 + -1).
0
27 - 34 - (0 - 5)
-2
Evaluate -7 + 1 + 5 + -3.
-4
Calculate (232 - 229) + (-1 + 2 - -3).
7
Calculate 1 - (0 - -1) - (-3 - -2).
1
Evaluate 0 - (-8 - (-3 - 6)).
-1
Calculate -9 - (-9 + -8 + 8).
0
Calculate -1 - -4 - (5 + (0 - -2)).
-4
Evaluate 4 + (-2 - (-2 - (3 - 4))).
3
What is -1 + -12 + 7 + (0 - -1)?
-5
Evaluate 0 - (-2 + 5 + -1 + 1).
-3
-6 + (-5 - (4 + -15)) + -3
-3
Calculate (-7 - -14) + (-6 - -3).
4
What is -677 - -673 - ((0 - 1) + 1)?
-4
13 - ((3 - -2) + 1)
7
-10 + 12 + (-4 - -1) + 1
0
What is the value of -10 - (9 - 5 - 9)?
-5
What is -3 + (-5 - -2) - -6?
0
What is the value of 5 - (5 - 1 - (-11 + 13))?
3
1 - (3 - -3) - (-1 + 0)
-4
Evaluate 6 - (-1 + 5) - 3.
-1
1 + 5 + (-1 - 6)
-1
-8 + 6 + -3 + 0
-5
What is (-5 + 13 - 5) + -1 + -3?
-1
Evaluate -2 + (1 - 1 - (-5 - -4)).
-1
Calculate 4 - (-1 + 4 + 0).
1
Evaluate 3 - 10 - (-7 + 0).
0
-16 + 6 - (-6 + -2 + 3)
-5
What is (-2 - -2) + -2 + 7?
5
-1 + 7 - (39 - 36)
3
7 - (9 - 3) - 3
-2
-1 + 0 + (-6 - -4) + 0
-3
What is -1 + 7 - (-3 + 4 + 2)?
3
64 - 54 - (-1 + 16)
-5
What is (-12 - (6 + -5)) + 21?
8
Calculate 6 - 2 - (-3 + 0 + 4).
3
What is -5 - (-2 - (-1 + 0))?
-4
Calculate -1 + (-1 - -6 - 4) + 3.
3
What is the value of 6 + (5 - 11) + -4?
-4
(14 - 9) + 0 + -4
1
Calculate 16 + -8 + (-1 - 9).
-2
Evaluate 2 + (-7 - (-6 + 1)) - 6.
-6
Evaluate -1 - (-3 + 15 + -8).
-5
Evaluate -7 + (1 - -1 - -3).
-2
What is (1 - 0) + 12 + -6 + -7?
0
Evaluate -10 + 4 - (-4 + 1 - 1).
-2
(-4 - -8) + 2 + -5
1
Calculate 0 + (-1 - 2) + 2 + 1.
0
What is the value of -13 - (11 + -6 + -14)?
-4
Calculate 0 + (4 - (-7 + 3 - -2)).
6
Calculate (-18 - -5) + (2 - -7).
-4
Evaluate 5 + 1 + (-21 + 9 - -3).
-3
31 + -35 + 0 + 4 + -1
-1
Calculate 16 - (-3 + 6 + 8).
5
What is the value of -13 + 20 + -1 + -5?
1
Evaluate (0 - (-1 + 3 - 0)) + 3.
1
What is the value of -20 + 20 - (-5 + 2)?
3
(-1 - (-5 + 5)) + (1 - -2)
2
What is 9 - ((-8 - -8) + 15)?
-6
What is (-69 - -68) + (4 - 1 - 0)?
2
Evaluate (2 - -1) + -2 + -4.
-3
Evaluate 4 - (1 + 1 + -19 + 21).
0
Evaluate 2 + 3 + -1 - 7.
-3
-2 - (9 + 10 + -15)
-6
-5 + 2 + 8 + -1 + -2
2
-1 + 0 + 5 + 0
4
Calculate -2 + 7 + 1 + -4.
2
Calculate (-4 + 5 - -3) + (-2 - 4).
-2
Evaluate 0 - ((-3 - -5) + -6 - -5).
-1
Calculate 1 + 6 + (4 - 3 - 0).
8
Calculate -1 - (-6 - -2) - 4.
-1
What is the value of 43 + -52 - (-16 - 0)?
7
What is -5 - ((-5 + 10 - 7) + 6)?
-9
Evaluate 16 + -18 + (-2 - (2 + -9)).
3
Evaluate (0 - (-5 - 1)) + -36 + 23.
-7
Calculate -3 + (-5 - -5) - -8.
5
What is the value of (-12 - -17 - 6) + (2 - -2)?
3
Calculate 0 - (3 - -3 - 3).
-3
What is (0 + -1 - 6) + -207 + 211?
-3
Evaluate -2 - 1 - (-21 + 13).
5
-6 - (2 + -10 + 4)
-2
What is the value of -9 + (4 - 3 - -3)?
-5
What is 9 - (0 + (2 - 0)) - 2?
5
5 - 6 - (2 - (0 - 1))
-4
1 - 5 - -3 - (3 - -1)
-5
Evaluate 4 + 4 + -5 + -5.
-2
Calculate 84 + -92 + 0 + 0 + 2.
-6
What is (-5 - 0 - -2) + 10 + -10?
-3
Evaluate (-1 - (-8 + (-1 - 0))) + -4.
4
What is 6 + -7 + -4 + -2?
-7
Evaluate -7 + (-1 - -11) + -1 + -1.
1
Calculate (2 - (3 + 0)) + 4 + 1.
4
Calculate (0 - -5) + 1 + -4.
2
What is the value of 4 - 1 - 4 - 0?
-1
What is -1 + 11 + -3 + 1?
8
What is the value of -10 + -6 - -10 - (-3 - 1)?
-2
Evaluate (-1 - 3) + (23 - 20) - -1.
0
What is 3 - (4 + (-1 - 0) + 1)?
-1
What is the value of (6 - -3) + 1 + 0 + 0?
10
What is the value of (-5 - -2 - (-1 - 0)) + 2?
0
What is -2 - (-6 - (0 - 3))?
1
What is the value of -92 - -93 - (-3 + -1 + 2)?
3
What is the value of 24 + (-3 - 13) + (-17 - -3)?
-6
What is the value of 3 + 5 - (-3 + 7)?
4
Evaluate (-3 - 1 - -7) + 0 + -4.
-1
-10 + 8 + (3 - 1) + -3
-3
What is the value of (-5 + -1 - -15) + -4?
5
Calculate 65 + -62 + -2 + 0 + 1.
2
5 + (2 - -4) - (14 + -6)
3
What is (-8 - -11) + -3 - (4 + -1)?
-3
Calculate 6 - -1 - (5 - (-6 + 7)).
3
Evaluate (-3 + 9 - 18) + 8.
-4
Evaluate -11 - (-10 - (-2 - 3 - 2)).
-8
What is 0 + 2 + 2 + -5 + -1?
-2
Evaluate 4 - 6 - -6 - 5.
-1
Evaluate -158 + 163 - (-2 - 1).
8
Calculate -1 + -6 + 2 - (-2 + -3).
0
What is -3 + (-7 - -5 - -4)?
-1
5 - 3 - 1 - (-2 + 0)
3
What is the value of 36 + -40 + (-2 - -9)?
3
What is 0 + (-7 - -7) + 5?
5
Evaluate 31 + -31 - (7 + -2).
-5
What is the value of 3 + -7 + 0 + 6?
2
What is -6 + 0 + (-10 - -4) - -6?
-6
-2 - ((-1 - 5) + 5 + -6)
5
What is the value of -10 - -5 - -9 - (9 - 12)?
7
Calculate 105 + -109 - (-1 - -5).
-8
What is -3 + 2 + 4 + 4 + -10?
-3
1 + 8 - (21 - 16)
4
Evaluate -4 - (-11 + (14 - 6 - 0)).
-1
-2 - (-1 + (-4 - -2) + -1)
2
Evaluate -1 + (0 - (7 + -8)).
0
Calculate 6 + -11 + 6 + -5 - -5.
1
Calculate -2 - (5 + -8) - 2.
-1
What is the value of 5 + -6 + (1 - 0) - -6?
6
Calculate 25 + -16 - (4 + 5).
0
Calculate -4 - ((-4 - 4) + -1).
5
What is the value of 1 + (2 - 9) - (8 + -15)?
1
Calculate 4 - (0 + (2 - -1) + -4).
5
Evaluate 4 + 5 + 8 + -15.
2
What is the value of (-1 - (6 - 11)) + -6?
-2
What is the value of -3 + 4 + -1 + -2?
-2
Evaluate 9 - (-2 - 3 - -10).
4
-4 - -4 - (-7 + 5)
2
What is the value of (6 + -2 - (-1 + 10)) + 0?
-5
What is 7 + (5 - 4) + -11?
-3
Evaluate (-1 - -2) + (-27 - -12) + 8.
-6
What is the value of 1 + 0 - (-6 - (-5 - -2))?
4
What is the value of 1 - (4 - 3 - 3)?
3
Calculate -19 + 19 - (0 + -4 + -1).
5
10 + (0 + -4 - 2) + -3
1
What is the value of (-24 - -13) + 4 + -1 + 3?
-5
Evaluate 8 - (-3 + -8 - -10).
9
What is 3 + (3 - 4) + -7 + 2?
-3
What is the value of (-1 - -1) + -1 - (9 + -8)?
-2
Evaluate 1 + 2 - (7 - 1 - 3).
0
What is 3 - ((0 - -3) + (-6 - -8))?
-2
Evaluate 1 - 5 - 5 - (-21 + 1).
11
-7 + -8 + 23 + -2 + -11
-5
Calculate -3 + 2 + 4 + 0.
3
Calculate (-20 - -3) + 7 + 14.
4
Calculate -11 + 10 + -4 + 0.
-5
4 + 4 + 0 - 4
4
-3 + (3 - (0 + 0)) - 0
0
1 + 3 + (3 - 12)
-5
Evaluate 2 + 2 + (0 - 3 - 2).
-1
What is the value of (-4 - -9) + -7 - 1?
-3
-7 - -2 - (-1 - 0)
-4
Calculate 5 - (-5 + 4 + 3 + -2).
5
What is the value of -16 - -17 - 6 - (1 + 5)?
-11
Calculate 6 + (-14 - (-10 - -1)).
1
What is the value of 7 + 1 + -4 - 3?
1
Calculate -1 - (0 + 4 + -3 + -1).
-1
What is the value of -3 + 1 + 1 + 0 + 3?
2
What is the value of (-14 - -7) + 22 - 8?
7
Evaluate -2 + -4 - (-6 + 1 - -4).
-5
-1 - 4 - (11 + -10 + -6)
0
Evaluate (16 - 23) + -1 + 4.
-4
(3 - 7) + 0 + 1 - -4
1
What is (1 - -3) + -3 - (1 - 0)?
0
-6 - (3 + (-7 - -3))
-5
Evaluate 1 + 2 + (27 - 28).
2
What is (-3 - (-12 + 2)) + -13?
-6
What is the value of -1 + -1 + -4 + 11 + -5?
0
Calculate -16 + (-13 - -21) + -1.
-9
Evaluate 8 + -5 + 1 - 5.
-1
What is -5 - ((-5 - -4) + -2)?
-2
Evaluate 12 - 14 - ((2 - 4) + -1).
1
Calculate -1 + (1 - 1) + -1.
-2
What is -11 - -14 - (-1 + 3)?
1
What is -1 + -2 + 5 + (-3 - -1)?
0
Calculate -12 + 1 + 8 + 1.
-2
(-2 - 0) + (-6 - -10)
2
Evaluate 1 + -3 + 20 + (-6 - 9).
3
What is the value of -1 + 1 - (-28 + 25)?
3
Evaluate 13 + (-6 - 8) - -2.
1
What is the value of -4 + (3 + 2 - 4)?
-3
What is (-1 - 2) + 4 + -1 + 1?
1
Calculate -70 + 76 + (-7 - (1 + -2)).
0
-3 + (-2 + 6 - -1)
2
Calculate -1 - (-7 - (1 - (4 + -2))).
5
What is -14 + -13 + 33 + 0 + 2?
8
What is the value of 6 + -7 + (8 - 1)?
6
-2 + -3 -